= g**y + 18*g - 4 + 20*g - 34*g. Determine t(n).
1
Let m be 51/27 + (-4)/(-36). Let g(n) = 6 - 4 + 0*n - n - m*n**2 + n**3. Let c be (2/4)/((-1)/4). Give g(c).
-12
Let y(p) = 9*p**3 - 2*p**2 - 14*p + 43. Let i(d) = -4*d**3 + d**2 + 6*d - 21. Let s(z) = -7*i(z) - 3*y(z). Give s(0).
18
Let y = 2059 - 2062. Let p(v) = -4*v + 2*v + 0*v - 2. Determine p(y).
4
Let l(q) be the first derivative of 2*q**3/3 + 7*q**2/2 + 5*q + 9. Suppose -4*w - 1 = -9. Suppose -2*f + 17 = -5*a, 26 = -2*f - 2*f - w*a. What is l(f)?
9
Suppose -16*y = -6*y - 20. Let n(s) = 35 - 2*s + 6*s - 3*s**2 + 2*s**y - 38. Determine n(5).
-8
Let h(l) be the first derivative of l**2 + 9*l - 562. Give h(-5).
-1
Let j(g) be the first derivative of -4*g**2 - 2*g - 155. Give j(-1).
6
Let v(f) = 3*f - 7. Let n(w) = -6 + 1 + 3 + 0*w + w. Let p(d) = d**3 + 8*d**2 + 5*d + 7. Let k be p(-7). Let c(j) = k*n(j) - 6*v(j). What is c(-2)?
-6
Let l(k) = 2*k - 6. Let y be (-2)/(-10) - 130/25. Let m be ((-12)/y)/(-2*5/(-25)). What is l(m)?
6
Let p(l) = -13*l - 3. Let h(b) = -26*b - 7. Let u(c) = -3*h(c) + 7*p(c). Suppose 5*f + 3*r - 8 = 0, 5*r + 2 = -f + 8. What is u(f)?
-13
Let k(t) be the first derivative of -t**3 - t**2 - 6*t + 87. What is k(0)?
-6
Let s(t) = -t**2 + 9*t + 154. Let k be s(-9). Let b(r) be the first derivative of -r**3/3 - 7*r**2/2 + 11*r + 2. Calculate b(k).
3
Suppose 100 = 22*v - 12*v. Let w(d) = d**2 - 10*d + 8. What is w(v)?
8
Let g = -15 - -17. Let q(j) = -j**3 - 6*j**2 - j - 2. Let k(d) = -4*d**3 - 25*d**2 - 3*d - 7. Let f(y) = g*k(y) - 9*q(y). Give f(-3).
4
Let m(o) = o**2 + 5*o - 10. Let v be m(-7). Let w(k) = k. Let r(x) = -x**2 + 4*x + 5. Let y(d) = r(d) + 2*w(d). What is y(v)?
13
Let x(t) be the second derivative of -t**7/2520 + t**6/240 - 17*t**4/12 - 16*t. Let u(n) be the third derivative of x(n). What is u(4)?
-4
Let k(a) = 5*a**2 + 132*a - 5 - 140*a - 4*a**2. Calculate k(10).
15
Let a(g) = -g**3 + 4*g**2 - g + 1. Let o = -1 + 9. Suppose r - 1 - 16 = -t, -t + o = -2*r. Suppose -10 = 5*d, -v + 4*d + t = 3. Calculate a(v).
7
Let g be (-4)/(-32) - 3/24. Let p(z) = -8*z + 3. Let u(k) = -9*k + 3. Let s(f) = -7*p(f) + 6*u(f). Let q be s(g). Let l(c) = -c**2. Calculate l(q).
-9
Suppose 4 = -4*i - 2*h - 32, -5*i - 48 = 4*h. Let a = -6 - i. Let x(t) = 4*t**3 - 2*t**2 + 4*t**2 + t - a*t. Determine x(1).
5
Let l be (48/(-32))/(9/30). Let p(a) = a**3 + 4*a**2 - 4*a - 2. What is p(l)?
-7
Let l(h) = -7*h**2 - h - 3. Let j(s) = s - 15*s**2 - 3*s - 7 + 0*s. Let b(r) = 2*j(r) - 5*l(r). Let x = -102 - -101. Calculate b(x).
5
Let j(z) = -z**3 - 6*z**2 + 8*z + 2. Let d = -204 + 197. What is j(d)?
-5
Suppose -19*o + 20*o + 1 = 0. Let z(d) = -7*d**2 + 3*d + 2. Calculate z(o).
-8
Let r = 89 - 86. Let f(o) = -o**r - 3*o**2 - 2*o - 2 - o + 2*o. Calculate f(-2).
-4
Let m(u) = -u + 2. Suppose 23*x + 50 - 211 = 0. Give m(x).
-5
Let i be 3*(5/(-3) + 1). Let x(p) = -p + 2. Let m be x(i). Let q(g) = 2 - 2*g + m*g + 0*g. What is q(5)?
12
Suppose 0 = -5*n - 0*l + 4*l + 5, -4*l = n + 23. Let m(z) = z - 3. Determine m(n).
-6
Let b(g) = -37*g**2 - g**3 + g + 16*g**2 + 13*g**2 - 9*g - 8. Let t = -11 - -4. What is b(t)?
-1
Let w(y) = -y + 1. Let m(l) = -4*l + 4. Let k(h) = -2*m(h) + 7*w(h). Let s(i) = -i**3 - 3*i**2 + i. Let b be s(-3). Let a = b + 7. Calculate k(a).
3
Let t = -53 + 55. Let r(m) = -1 - 19*m**2 + 37*m**t - 12*m**2. What is r(-1)?
5
Let u(p) = 2*p - 8. Suppose 0 = 5*a + 2*y - 22, 4*a - 3*y - 24 - 12 = 0. Calculate u(a).
4
Let s = 156 - 160. Let t(d) = -d**3 - 5*d**2 + d - 4. Determine t(s).
-24
Suppose 0 = 3*d - b - b - 6, 4 = 2*d + 2*b. Suppose 0 = -5*f - 10, 0 = -t + d*f - 2. Let x(l) = l - 1. Determine x(t).
-7
Let i(d) = -1 - 3 + 9 + 2*d. Suppose 5*p - 24 = -4*q - 38, 4*p = 2*q - 32. Give i(p).
-7
Let d = -2 - -3. Suppose 0 = 4*w - 3*w - d. Let a(u) = 8*u**2 + 4*u - 2. Let q(p) = 12*p**2 + 6*p - 3. Let g(b) = 8*a(b) - 5*q(b). Give g(w).
5
Let i = 21 - 12. Let n(s) = -s**2 - 2*s. Let d(m) = m**2 + 12*m + 5. Let g(z) = -d(z) - 2*n(z). Calculate g(i).
4
Let x(o) be the second derivative of -o**4/12 - o**3/2 + o**2 - o. Let u(k) = 366*k + 1100. Let b be u(-3). Calculate x(b).
-8
Let r(y) be the third derivative of y**5/60 - 7*y**4/24 + 2*y**3/3 - 8*y**2. Let b(w) = w**2 - 25*w + 6. Let h be b(25). Give r(h).
-2
Let k(o) be the second derivative of -o**3/3 + 5*o**2/2 + 5*o. Suppose 60 = 12*w - 0. Calculate k(w).
-5
Let z be (-5)/10 - (-51)/2. Let r = z + -17. Let a = r + -2. Let d(h) = h**2 - 6*h - 2. Determine d(a).
-2
Let k(m) = 10*m**3 + 4*m**2 + 19*m - 28. Let g(h) = -3*h**3 - 2*h**2 - 6*h + 9. Let q(o) = 7*g(o) + 2*k(o). Give q(-5).
2
Let v(j) = j**3 + 4*j**2 + 4*j. Let k(i) = i**2 + 13. Let z be k(0). Suppose -2*g + 22 = -4*x, z - 3 = 2*g. What is v(x)?
-3
Let v(r) be the third derivative of -r**4/24 - 22*r**2 - 2*r. Suppose -14 = 5*t + 6. What is v(t)?
4
Let f(s) = -s**3 - 16*s**2 - 13*s + 35. Let p = -481 + 466. What is f(p)?
5
Let n(c) = -5 + 2 + 6*c - 5*c - 3. Let f(p) = p + 3. Let m be f(-3). Determine n(m).
-6
Let k(u) = 2*u**3 + 3*u**2 + u + 14. Let o(d) = 3*d**3 + 4*d**2 + 2*d + 22. Let a(s) = -8*k(s) + 5*o(s). Calculate a(-4).
-10
Suppose -4*d - 34 = 2*b, -3*b + 7*d - 3*d = 1. Let h(z) = 4*z**2 - 4*z**2 + 5 - 8*z - z**2. Give h(b).
12
Let c(g) be the third derivative of 0*g**3 + 1/40*g**5 - 1/240*g**6 + 0 + 4*g**2 - 3/8*g**4 + 0*g. Let z(p) be the second derivative of c(p). What is z(-3)?
12
Let u(i) be the third derivative of -i**4/4 + i**3/6 + 23*i**2. Suppose 0 = -r + 2*k - 1, -3*k = 0. Determine u(r).
7
Suppose 11*p - 102 = 5*p. Let w(k) = -k + 6. What is w(p)?
-11
Let o(g) = -24*g - 6. Let a(y) = 17*y + 6. Let p(d) = -3*a(d) - 2*o(d). Calculate p(0).
-6
Let i(h) = -17*h**2 + 6*h + 9. Let y(z) = -27*z**2 + 10*z + 13. Let x(s) = 8*i(s) - 5*y(s). What is x(-3)?
4
Let p(i) = -i**2 - 5*i - 2. Let a(u) = -u**3 + 6*u**2 + 4*u - 10. Let z be a(6). Suppose -2*r - 4*f - 3 = -3*r, -z = 2*r + 2*f. Give p(r).
-2
Let y(f) be the second derivative of -f**4/6 - 13*f**3/6 + 178*f. Give y(-6).
6
Let z be 2 + (-8)/6 - 30/18. Let n be z*(0 + 2) - 0. Let g(b) = 0*b - 5*b - 1 + 0*b + 4*b. Give g(n).
1
Let i(a) be the third derivative of 5*a**4/24 + 25*a**3/6 + 60*a**2 + 2*a. What is i(-4)?
5
Let m(y) = -4 + 2*y**3 - 3*y + 4*y**2 + 0*y - y**3 - 1. Suppose 5*u + 3*x + 8 = 0, -4 = -2*x + 4. Give m(u).
7
Let q(l) = l - 3. Let r be q(11). Suppose 18 = -c + 4*c. Suppose 0 = -2*f + 2*k + c, -4*f + 12 = -4*k + r*k. Let o(s) = s**2 - 3*s + 4. Determine o(f).
4
Let i(a) = 2*a**3 + 2*a**2 - 2*a - 1. Suppose -4*c + 51 = -3*p, 4*p + 96 = -0*c - 4*c. Let r be 3*(-2 - -1) - -22. Let f = r + p. Calculate i(f).
-5
Let o = 81 + -82. Let a(u) = 7*u**2 - 8*u + 20. Let b(d) = d**2 + 2. Let c(x) = o*a(x) + 6*b(x). Calculate c(6).
4
Let o be -4 - (-4)/4*3. Let g(f) = -2*f - 1. Let l(u) = u + 1. Let q(j) = -g(j) - 4*l(j). Let v be q(o). Let m(p) = 7*p**3 + p**2 - p - 1. Give m(v).
-6
Let c(t) = 4*t - 3 + 60*t**2 + 0*t**2 - 59*t**2. Determine c(5).
42
Let k(h) = -2*h - 23. Let n = 667 - 680. Determine k(n).
3
Let m(a) = a**2 - 17*a + 66. Let x be m(12). Let y(k) = -k. Determine y(x).
-6
Let d(q) = -q**2 + 5*q - 2. Let f(k) be the second derivative of k**5/20 - 2*k**4/3 + 5*k**3/3 - 17*k**2/2 + 17*k. Let g be f(7). Determine d(g).
2
Let a(d) = -d**3 + 4*d**2 - d + 2. Let k(s) = -s**2 - 11*s + 9. Let m be k(-11). Suppose 13 = -4*r - 5*u, 5*r + 5*u = -m - 1. Calculate a(r).
8
Suppose 5*s - 70 = 5*t, 0 = t + 2*t + 5*s + 18. Let c = -1 - t. Let w(a) = a - 8. Determine w(c).
2
Let h be -1*(-12)/(4 + 2) + -12. Let m(f) = f - 6. Let l(i) = 2*i - 7. Let n(x) = -2*l(x) + 3*m(x). What is n(h)?
6
Let s be (837/372)/((-2)/8). Let p(n) = -6*n - 10. Give p(s).
44
Let o(a) = a**3 + 4*a**2 + a. Let l = -16 - 19. Let n be 133/l - (-3)/(-15). Determine o(n).
-4
Let q(l) = -l**3 + 4*l**2 - l + 3. Let h(y) be the second derivative of -y**4/12 + y**3/2 + 4*y**2 - 9*y. Let v be h(4). Calculate q(v).
-1
Let m(y) = 5*y**3 + 6*y**2 - 3*y - 3. Let g(l) = 12*l**3 + 13*l**2 - 6*l - 7. Let t(j) = 2*g(j) - 5*m(j). Determine t(-5).
11
Let j(p) = 3*p**2 + 7*p**2 + 5*p + p**3 - 2 - 23*p**2 + p + 9*p**2. Give j(2).
2
Suppose -192*s + 32 = -184*s. Let g(a) = a**3 - 4*a**2 + 3*a - 8. Give g(s).
4
Let v(b) = -12*b - 102. Let n be v(-9). Let x(f) be the